g - 1. Is l(o) composite?
True
Is 11/44 - (-339)/4 a composite number?
True
Let r(j) = 26*j**2 + 4*j + 3. Let g be (-1)/(3/2 + -1). Let p be r(g). Is p/12*24/9 a prime number?
False
Is 4/32 - 5212/(-32) a prime number?
True
Let s(t) be the first derivative of -t**4/4 + 2*t**3/3 + 2*t**2 + 3*t - 1. Let g = -8 - -6. Is s(g) composite?
False
Suppose -4*c = c - 3425. Is c a composite number?
True
Let g(c) = -c**2 + c - 1. Let x(u) be the second derivative of u**4/6 - 7*u**3/6 + 7*u**2/2 + u. Let w(j) = 3*g(j) + x(j). Is w(-3) a composite number?
False
Let p(t) = t**3 + 12*t**2 + 5*t + 1. Is p(-7) a prime number?
True
Suppose 2*u - u = -19. Suppose 3*q = 2*q - 54. Let j = u - q. Is j prime?
False
Let q(o) = -o**2 - 2*o + 211. Is q(0) a prime number?
True
Suppose 3 = -5*x + 23. Suppose -h = 2*d - 9, x*h = -2*d - 7 + 25. Suppose h*r + 4*c - 157 = 0, 3*r - 8*r - 4*c = -267. Is r a composite number?
True
Let d(a) = a**3 + 6*a**2 - 3*a - 6. Let k = 14 - 28. Let z = k + 9. Is d(z) a prime number?
False
Suppose -w - l = -2*w + 1253, 4*w + 4*l = 4980. Is w a prime number?
True
Is 4/(-14) - (-2742)/42 prime?
False
Let g(v) = v**2 - 8*v - 3. Is g(-5) a prime number?
False
Is (25/75)/(2/9930) composite?
True
Let g be 0 + 3 + 114 + 1. Suppose 2*v + 426 - g = 0. Let f = -45 - v. Is f a composite number?
False
Let m = 42 + 17. Is m prime?
True
Let d(o) = -6*o - 20. Let n(s) = -3*s - 10. Let q(m) = 2*d(m) - 5*n(m). Is q(7) a composite number?
False
Let v = 12 + -33. Is (-182)/v*(-3)/(-2) prime?
True
Let f = -453 - -676. Is f prime?
True
Let h(u) = -16*u - 1. Suppose -5*p - 3*i = i + 6, 2*p + 2*i = -4. Let j be h(p). Let x = j - -52. Is x a prime number?
True
Let c = 123 + -67. Suppose -5*d = -c - 24. Suppose -3*v + d + 11 = 0. Is v a prime number?
False
Suppose -4*p + 187 = -145. Is p composite?
False
Suppose 3*i = -3*q - 1 + 7, -3*i + 12 = 0. Let x = 5 - -7. Is ((-2056)/x)/(q/3) a composite number?
False
Suppose 9*p + 3*p = 5748. Is p a prime number?
True
Suppose 3*r + 16 = -r + 4*t, -5*r - 2 = 4*t. Let x(n) = n**3 + 3*n**2 + 2*n + 3. Let v be x(r). Suppose -4*g + v*g + 6 = 0. Is g composite?
True
Let u(y) = 5 + y - 2 - 4*y. Let j be u(-5). Let r = j + 3. Is r composite?
True
Let h(m) = -m**3 + 12*m**2 + 8 - 11*m - 13 + 0*m**3. Is h(8) prime?
True
Let q(m) = m**3 - m + 39. Let k be q(0). Suppose a + 8 = k. Is a a composite number?
False
Is -1 + 1 + 235 + -2 composite?
False
Suppose -r - 1910 = -6*r + 5*k, -3 = -k. Suppose r = -0*i + 5*i. Is i a prime number?
False
Suppose -3*n = -n - m - 121, 0 = -3*n + 3*m + 186. Is n prime?
True
Let p be 3*(1 - 1 - 1). Let v be 2/p + (-32)/(-12). Is 2 + (35 - (v + -2)) prime?
True
Suppose -3*z - 7 = -3*v + 7*v, 4*z - 2*v = 20. Suppose 41 = z*a - 124. Is a a composite number?
True
Let p(g) = 81*g + 5. Let k(w) = -81*w - 5. Let f(h) = -5*k(h) - 6*p(h). Is f(-4) composite?
True
Suppose v + 4*r = 5, 2*v - 3*r = -3*v + 25. Suppose m - 33 = -9*f + 4*f, -f = v*m - 21. Is (76/6)/(4/f) prime?
True
Let h(s) = -s - 8. Let n be h(-12). Suppose -4*v = 4*y - 848, n*y - v + 4*v - 845 = 0. Is y a composite number?
True
Let g = -2 + 3. Let h be (1/(2/666))/g. Is h/6*2/3 a prime number?
True
Let m be 0/2 - (4 + 89). Is m/(-4) - 1/4 composite?
False
Suppose 0 = 8*k - 3*k - 10. Suppose k*i + 2*i + 840 = 2*v, -5*v = -4*i - 2112. Suppose -v - 443 = -3*z - 3*t, 0 = -2*z + 3*t + 568. Is z prime?
False
Suppose 5*g = -4*a + 8, 5*a - 4*a - 2 = 2*g. Suppose g = -6*t + t + i + 1271, t - 255 = i. Is t prime?
False
Let x be 6/(((-42)/(-240))/7). Let k = 303 + -430. Let j = x + k. Is j prime?
True
Let i = -205 + 368. Is i a prime number?
True
Suppose -3*f + 4 = f. Let r(b) = 78*b**2 + 2*b - 1. Is r(f) a composite number?
False
Suppose 4*h - 953 = z, 0*z = 5*z + 5. Let u = 1211 - h. Is u a composite number?
True
Let f = -13 - -6. Is 1791/21 - (-2)/f a prime number?
False
Let i(f) = f**3 + 14*f**2 + 10*f + 10. Is i(-11) prime?
True
Let u = 1121 - -12. Is u a prime number?
False
Let g(s) = -2*s - 6. Let r be g(-5). Let j(x) = 10*x - 1. Is j(r) a composite number?
True
Suppose 394 = -2*k - 5*u - 118, -k + 5*u - 271 = 0. Let n = 166 + k. Let j = n - -172. Is j a composite number?
True
Let j(s) = s**2 - 5*s - 4. Let i be j(3). Let o(p) = -p - 11. Let u be o(-6). Is ((-6)/i)/(u/(-50)) prime?
False
Let j = 1784 + -943. Is j a prime number?
False
Suppose -2*k + 45 = -7. Is k composite?
True
Let w(q) = -q - 7. Let x be w(-5). Let t be 4/5*(-45)/x. Let r = 4 + t. Is r a composite number?
True
Suppose -5*l + 2*t + 565 = 0, 0 = -l + 6*l + t - 580. Is l prime?
False
Let o be 0 + -3*(-4)/2. Let s(u) be the third derivative of u**5/20 - u**4/8 - u**3/6 - u**2. Is s(o) prime?
True
Let n(x) = -10*x**2 - 9*x - 8. Let z(l) = -10*l**2 - 10*l - 7. Let s(b) = 4*n(b) - 5*z(b). Is s(6) a prime number?
False
Suppose 0 = -2*u + 64 + 316. Suppose 0 = -5*o - y + u, 1 = y - 4. Is o a composite number?
False
Suppose -5*i = -j - 10769, -4*i = -12*j + 13*j - 8608. Is i a composite number?
False
Let w(n) = 32*n + 4. Let s be w(11). Is 3/(-2)*s/(-6) a composite number?
False
Suppose -7*n + 36 = -3*n - 5*y, 4*n - 3*y - 36 = 0. Is n/(-3) - (-4 - 33) a composite number?
True
Let l(p) = -2*p**3 + 4*p + 3. Suppose -s - 23 = 6*q - 2*q, 0 = 5*s + 15. Is l(q) composite?
False
Let s(m) = 97*m**3 - m**2 + 1. Let f be 4/12 - 4/(-6). Is s(f) composite?
False
Is 2/(-5*2/(-35)) composite?
False
Suppose -p = l + p + 3, -3*l + p = -19. Suppose 0 = 5*h - 5*i - 1130, -l*h + i = -i - 1136. Let y = h + -25. Is y composite?
True
Let a = 2 + -4. Let k be (3 + -1 + 0)/a. Is ((-17)/3)/(k/6) a composite number?
True
Let c = -1 - 1. Is c/16*-46*4 prime?
True
Let c(v) = 4*v**2 + 6*v - 3. Let z be ((-3)/(-2))/((-3)/(-10)). Is c(z) a composite number?
False
Suppose -5 = -4*a - 3*t - 1, 2*a - 2 = 4*t. Suppose 7*g - 2*g = w - 11, -3*g + w = 7. Is (2/a)/(g/(-6)) composite?
True
Let d(j) be the third derivative of j**5/60 + j**4/4 + 7*j**3/6 - j**2. Let i be d(-5). Suppose 3*n - 27 = -5*s, -2*s - 2 = -0*s - i*n. Is s a composite number?
False
Suppose 4*z = 145 - 1081. Let n = -151 - z. Is n a prime number?
True
Let f(a) = a. Let j(y) = 90*y - 3. Let z(w) = 5*f(w) + j(w). Is z(4) composite?
True
Suppose 6*c = 28 + 104. Is c a prime number?
False
Let z = 10 + -7. Suppose z*j + 2*f = 457, -164 = -0*j - j - 3*f. Is j a prime number?
True
Suppose -6*r = -11*r. Suppose -3*k + 25 + 80 = r. Is k prime?
False
Suppose -3*g + 993 - 60 = 3*r, r = -5*g + 1539. Is g a composite number?
False
Let d = -376 - -1655. Is d composite?
False
Let y(g) = 32*g**2 - 27. Is y(7) prime?
False
Let r be (-1)/(1 - (-15)/(-18)). Let x = -6 - r. Suppose x = -2*q - 102 + 388. Is q a composite number?
True
Let k(m) = m**3 + 3*m**2 - 12*m - 9. Let j be k(-10). Let t = 1383 + j. Suppose -t - 741 = -5*y. Is y composite?
False
Let z(t) = 59*t - 2. Is z(5) a composite number?
False
Suppose k + 1436 = 5*k. Is k prime?
True
Let w(i) = -3*i - 2. Suppose -4*c + 8 = -3*j, 0 = -5*j + 5*c - 3*c - 32. Is w(j) composite?
True
Let b(h) = -h**2 + h - 2. Let w be b(3). Let j be (-12 + 1)*(-1)/(-1). Let q = w - j. Is q composite?
False
Let n = -3 + 3. Suppose m + 163 = y - 140, -y + 2*m + 301 = n. Is y composite?
True
Let z(g) = -7*g - 2. Let t(d) be the first derivative of -5*d**3/3 + 1. Let v be t(-1). Is z(v) composite?
True
Let n(s) = s**2 + s + 3. Let y = 3 - -1. Is n(y) prime?
True
Let z(q) = q**3 + 11*q**2 - q + 3. Is z(-10) a prime number?
True
Let x be 58/6 - 1/(-3). Let m = x + 12. Is m a prime number?
False
Let r be (-2)/(-8) + (-11)/(-4). Suppose 0 = 5*m + 5*a - 620, 4*a = r*a - 3. Is m a prime number?
True
Suppose 0*d - 4*d - 2078 = -2*k, -4*d - 1035 = -k. Is k a prime number?
False
Suppose 3*z = 6 + 3. Is 1*z/(-6)*-998 composite?
False
Let m = -4 - -6. Let t = -2 + m. Suppose -2*d + 28 = -t*d. Is d composite?
True
Is 1992/15 + (-6)/(-30) prime?
False
Let l be 24/(-18)*24/1. Is 7 + -4 - 8*l a prime number?
False
Let v(h) be the second derivative of 0 + 1/3*h**3 + h**2 + h + 5/12*h**4. Is v(3) a prime number?
True
Suppose 0*x - 4*x = 0. Suppose k - 329 - 152 = x. Is k a composite number?
True
Let z(c) = c**2 - 9*c - 6. Let s be 128/12 + (-4)/6. Let a be z(s). Suppose a*h + 27 = 7*h. Is h prime?
False
Suppose -7*q = -6*q. Suppose 4*w = -q*w + 652. Is w a compo